(r + -6)?
2, 3, 43
Let w(l) = 118*l - 64. What are the prime factors of w(13)?
2, 3, 5, 7
Suppose 0 = 3*i - 25 + 10. Suppose 0 = d + d, 10 = i*k - 5*d. Suppose 0*q - k*q + 36 = -5*h, 0 = -4*q + 3*h + 86. List the prime factors of q.
23
Suppose 244 = p - r, 3*p - 733 - 19 = -r. What are the prime factors of p?
3, 83
Let y be -7*(1 + (1 - -2)). Let h = y - -25. List the prime factors of ((-14)/h + -2)*21.
2, 7
Suppose -8*q + 9*q = 203. What are the prime factors of q?
7, 29
Let g = -1 + 7. Suppose 4*r + 73 = w, -r = g*w - w - 260. List the prime factors of w.
53
Let l = 66 + 36. List the prime factors of l.
2, 3, 17
List the prime factors of 2/((-48)/(-60))*2092/10.
523
What are the prime factors of 15358/8 - (540/48)/15?
19, 101
Suppose -5 = -2*c + o, -6 = -4*o + 6. Suppose 0 = v - c. Suppose -41 = -v*j + q, -4*j - 3*q - 33 = -6*j. What are the prime factors of j?
3
Suppose 20*l = 19*l + 4*f + 1807, -5*l - 5*f + 9110 = 0. List the prime factors of l.
17, 107
Let s = 6 + -42. Let k be (-32)/7 + s/84. What are the prime factors of (-2 - (-8)/5)*k?
2
Let w = -766 + 3304. List the prime factors of w.
2, 3, 47
Suppose -3*j = 0, -4*s - 1 = 4*j - 9. Suppose t + 2*o = -o - 6, -4 = t + s*o. Suppose v = -t*v + 26. What are the prime factors of v?
2, 13
Suppose -2*b + 128 = -460. Suppose b = -x + 7*x. Let o = x - 31. List the prime factors of o.
2, 3
Let s be 5/2 - (54/12 - 4). Suppose -s*m - 3*h + 34 = 0, -2*m + 14 + 16 = 5*h. List the prime factors of m.
2, 5
Let m = -101 - -156. What are the prime factors of 4 - (3/1 - m)?
2, 7
Let f(a) be the third derivative of -a**5/12 - a**4/24 - 2*a**2. Let t be f(-2). What are the prime factors of (-194)/t - 4/(-18)?
11
Suppose 0 = 5*q + 5 - 40. Let n = 12 - q. Let t(x) = x**3 - 6*x**2 + 9*x + 4. What are the prime factors of t(n)?
2, 3
Let w = 123 - 60. Let u = w - -14. List the prime factors of u/3 - 6/9.
5
Suppose 8*s + 2694 = 8286. List the prime factors of s.
3, 233
Suppose -3*k - 5*i + 285 = 0, 5*i - 380 = -15*k + 11*k. What are the prime factors of k?
5, 19
Suppose 3*q - 9 = 0, 3*q - 13 = -2*p - 2*q. Let i(a) = -1. Let f(k) = 79*k + 9. Let r(h) = p*f(h) - 5*i(h). What are the prime factors of r(-1)?
3, 5
Let v be (24/(-16))/((-6)/56). Let s(c) = -v + 5*c + 10 - 24. What are the prime factors of s(8)?
2, 3
Let u(c) = -13*c**3 + c**2 + 3*c - 3. What are the prime factors of u(-3)?
2, 3, 29
List the prime factors of (-22205)/(-35) + 12/(-126)*-6.
5, 127
Suppose -4*x = 762 + 618. Let z = -182 - x. Let m = z - 95. What are the prime factors of m?
2, 17
Suppose -3*o = -5*h + o + 3, 2*o = -5*h + 21. Suppose m = h*q + 59, 3*m - m + 2*q - 150 = 0. List the prime factors of m.
71
Suppose 11*s - 20 = 6*s, -2*s + 239 = v. List the prime factors of v.
3, 7, 11
Let f(x) = -x**3 + 15*x**2 + 14*x - 51. What are the prime factors of f(11)?
587
Suppose 0 = 83*g - 86*g + 1989. List the prime factors of g.
3, 13, 17
Let r(u) = 1 + u**2 + 3*u**2 - u**3 - u**2 + 4*u. List the prime factors of r(-3).
43
Suppose -6*q = -8*q. Suppose 3*t + c - 259 - 57 = q, 5*t - 2*c = 534. What are the prime factors of t?
2, 53
List the prime factors of (-36064)/(-84) + (15/(-9))/(-1).
431
Let f = -55 - -46. What are the prime factors of (f/(-6) + -3)*-28?
2, 3, 7
Let f(g) = g**3 + 4*g**2 - 6*g + 3. Let b be (-1 - -4) + (-2 - 7). Let k be f(b). Let a = k - -51. What are the prime factors of a?
2, 3
Let c = 4 - -5. Suppose 3*l - c = -3*o, -3*o - 2*l + 3*l = -13. Suppose 2*b + 30 = r - 0*b, 4*r = o*b + 120. What are the prime factors of r?
2, 3, 5
Let f = 82 + -82. Suppose 7*a - 308 = -f*a. What are the prime factors of a?
2, 11
Let f(w) = -w**3 + 9*w**2 - 2*w - 11. Suppose u + 0*u = 0. Suppose u = 2*p - 9*m + 4*m - 16, -p + 8 = -4*m. List the prime factors of f(p).
37
Suppose -11*l - 1538 = -4915. Let d = 490 - l. What are the prime factors of d?
3, 61
Suppose -2*y + 254 + 1094 = 0. What are the prime factors of y?
2, 337
Suppose 0 = 5*m + 3*t - 3387, 2*t - 1539 = -2*m - 185. Suppose -9*l = -105 - m. What are the prime factors of l?
3, 29
Suppose 0 = -0*k - 3*k + 1272. What are the prime factors of k/4 + -2 + 2?
2, 53
Suppose -4*w = -3*x + 43, 48 = -5*w - 2*x - 0. What are the prime factors of (36/5)/((-1)/w)?
2, 3
Suppose -15 = -17*t + 22*t. List the prime factors of (-11 - t)*(-38)/4.
2, 19
Let g(n) = -3*n**2 - 15*n - 6. Let u be g(6). Let r = u + 292. What are the prime factors of r?
2, 11
Let w be (-1)/(-3) - 1/3. List the prime factors of w/(-2) + 55 - 4.
3, 17
Suppose 7*r = -0*r + 21. Let l be (-297)/6*(0 + -2). Suppose -5*a - 3*b = -l, -r*b - 109 = -5*a - b. What are the prime factors of a?
3, 7
Let p = 33 + -33. Let a = 39 - p. What are the prime factors of a?
3, 13
Let y be (-13)/(-3) - 2/(-3). Suppose 3*m + 0*m = 4*i + y, -2*m = 4*i - 10. List the prime factors of m.
3
Suppose -5*m + 15 = -40. Suppose 171 = -2*w + m*w. List the prime factors of w.
19
Let f = 40 + -51. Let o = f + 31. List the prime factors of o.
2, 5
Let b(f) = -2*f + 79. What are the prime factors of b(4)?
71
What are the prime factors of (-166120)/(-160) - (-5)/(-4)?
17, 61
Let n = 51 - 18. Let f = n - 33. Suppose f = -2*h + 70 - 8. What are the prime factors of h?
31
Let k be (-1046)/(-4) - 2/4. Suppose 7*d - k = 166. What are the prime factors of d?
61
Suppose -4*l = 5*c + 8 - 20, -4*c + 2*l = -20. Suppose -5*v = 3*y + 32 - 129, 0 = c*y + 2*v - 148. List the prime factors of y.
3, 13
Suppose -4*d - 8 = 0, 4*v = v + 3*d + 60. Let y = 29 - v. List the prime factors of y.
11
Suppose -2*s = s - 6. Let n = -223 + 225. List the prime factors of (1 + s + 35)/n.
19
Suppose 0 = a + 1 - 6. Suppose -3*c - 4*z + a*z = -20, 0 = 5*c + 2*z - 48. Suppose -c*f + 25 + 71 = 0. List the prime factors of f.
2, 3
Let x(i) = -11*i**2 + i. Let s be x(1). Let o = 26 - s. Let k = o - 25. What are the prime factors of k?
11
Let a(c) = -c + 15. Let t be a(7). Suppose 3*z = t*z - 240. List the prime factors of z.
2, 3
Suppose 2*u = p - 30, 3*u = -2*p - u + 28. Suppose -5*v + 4*t + 44 = -153, 0 = -v + t + 40. Let h = v - p. List the prime factors of h.
3, 5
What are the prime factors of (-53347)/(-42) + 2 + (-26)/12?
2, 5, 127
Suppose -2*j - 5*r + 1344 = -258, -3*j = -r - 2420. What are the prime factors of j?
2, 13, 31
Suppose -2*k = k + 3. Let r be k - -2 - (-40 - 0). Suppose 4*n - r = 5*u, -4*u - 6 = -2*n + 10. What are the prime factors of n?
2, 7
List the prime factors of 15/(-15) - 800/(-1).
17, 47
Let q be (-43)/15 + 22/(-165). Let b be -41 + (q - -1) - 0. Let h = 64 + b. List the prime factors of h.
3, 7
What are the prime factors of ((-6)/3 - 1986)/((-9)/18)?
2, 7, 71
Let t(c) = -7*c - 139. What are the prime factors of t(-29)?
2
Suppose 2418 = 8*v - 726. List the prime factors of v.
3, 131
Let y(l) be the first derivative of l**4/4 + 5*l**3 + 9*l**2/2 - 20*l + 14. Let w = 33 - 47. List the prime factors of y(w).
2, 5
Suppose 2*a = 3*a. Suppose a*j = 3*j - 4*k - 432, -5*j + 697 = k. What are the prime factors of j?
2, 5, 7
Let h = -19 - -8. Let s(b) = -14*b + 15. List the prime factors of s(h).
13
Let m = -18 - -33. Suppose -5*q = m, 5*h - h - 22 = -2*q. Suppose 2*s = -2*j + 60, -s + 3*j - h*j + 39 = 0. List the prime factors of s.
3
Let h(p) = -7*p**2 + p - 11. Let j(g) = 4*g**2 - g + 6. Let k(x) = -3*h(x) - 5*j(x). What are the prime factors of k(-1)?
2
Let i(q) = -q**3 - 14*q**2 - 15*q - 19. Let d be i(-13). Suppose -213 = -d*v + 4*v. What are the prime factors of v?
71
Suppose 0 = -2*l - 2 + 6. Suppose 2*w = -3*u + 10, 5*w - l = -5*u + 23. Let k(t) = t**2 - 2*t - 5. List the prime factors of k(w).
2, 5
Let g(m) = -59*m - 2. Let q(v) = -176*v - 7. Let l(s) = 7*g(s) - 2*q(s). What are the prime factors of l(-1)?
61
Let f(j) = -83*j**3 + 2*j**2 + j. Let p = -18 + 17. What are the prime factors of f(p)?
2, 3, 7
What are the prime factors of 3*(3 - 1) + (17 - -548)?
571
Let b = 1059 + -709. What are the prime factors of b?
2, 5, 7
Let p(k) = 3*k**2 - 5*k + 1. Suppose 0*y = -4*y + 16. Suppose -4 = y*r + 12. List the prime factors of p(r).
3, 23
Let t be (-3)/12 - (-45)/(-12). List the prime factors of (4 + -244)/t + 3.
3, 7
Let w be ((-1)/(-6)*-8)/((-4)/(-6)). Let d(s) = -4*s**3 - 2*s**2 - s. What are the prime factors of d(w)?
2, 13
Suppose 4*f - 7*f - 4*g + 9119 = 0, 4*g + 15145 = 5